{"id":119,"date":"2022-12-05T18:05:52","date_gmt":"2022-12-05T17:05:52","guid":{"rendered":"https:\/\/multi-toits.be\/contact-us\/"},"modified":"2023-01-31T20:01:55","modified_gmt":"2023-01-31T19:01:55","slug":"contact","status":"publish","type":"page","link":"https:\/\/multi-toits.be\/?page_id=119","title":{"rendered":"Contact"},"content":{"rendered":"\t\t<div data-elementor-type=\"wp-page\" data-elementor-id=\"119\" class=\"elementor elementor-119\">\n\t\t\t\t\t\t\t\t\t<section class=\"elementor-section elementor-top-section elementor-element elementor-element-6a303579 elementor-section-height-min-height elementor-section-items-stretch elementor-section-content-top elementor-section-full_width elementor-section-height-default\" data-id=\"6a303579\" data-element_type=\"section\" data-settings=\"{&quot;background_background&quot;:&quot;classic&quot;}\">\n\t\t\t\t\t\t<div class=\"elementor-container elementor-column-gap-no\">\n\t\t\t\t\t<div class=\"elementor-column elementor-col-100 elementor-top-column elementor-element elementor-element-1fcc3299\" data-id=\"1fcc3299\" data-element_type=\"column\">\n\t\t\t<div class=\"elementor-widget-wrap elementor-element-populated\">\n\t\t\t\t\t\t\t\t<section class=\"elementor-section elementor-inner-section elementor-element elementor-element-40ffb696 elementor-section-boxed elementor-section-height-default elementor-section-height-default\" data-id=\"40ffb696\" data-element_type=\"section\">\n\t\t\t\t\t\t<div class=\"elementor-container elementor-column-gap-no\">\n\t\t\t\t\t<div class=\"elementor-column elementor-col-100 elementor-inner-column elementor-element elementor-element-7f2313cd\" data-id=\"7f2313cd\" data-element_type=\"column\" data-settings=\"{&quot;background_background&quot;:&quot;classic&quot;}\">\n\t\t\t<div class=\"elementor-widget-wrap elementor-element-populated\">\n\t\t\t\t\t\t\t\t<div class=\"elementor-element elementor-element-56f84431 elementor-invisible elementor-widget elementor-widget-heading\" data-id=\"56f84431\" data-element_type=\"widget\" data-settings=\"{&quot;_animation&quot;:&quot;fadeIn&quot;}\" data-widget_type=\"heading.default\">\n\t\t\t\t<div class=\"elementor-widget-container\">\n\t\t\t<style>\/*! elementor - v3.16.0 - 17-10-2023 *\/\n.elementor-heading-title{padding:0;margin:0;line-height:1}.elementor-widget-heading .elementor-heading-title[class*=elementor-size-]>a{color:inherit;font-size:inherit;line-height:inherit}.elementor-widget-heading .elementor-heading-title.elementor-size-small{font-size:15px}.elementor-widget-heading .elementor-heading-title.elementor-size-medium{font-size:19px}.elementor-widget-heading .elementor-heading-title.elementor-size-large{font-size:29px}.elementor-widget-heading .elementor-heading-title.elementor-size-xl{font-size:39px}.elementor-widget-heading .elementor-heading-title.elementor-size-xxl{font-size:59px}<\/style><h1 class=\"elementor-heading-title elementor-size-default\">CONTACT<\/h1>\t\t<\/div>\n\t\t\t\t<\/div>\n\t\t\t\t<div class=\"elementor-element elementor-element-3ab80711 elementor-widget-divider--view-line elementor-invisible elementor-widget elementor-widget-divider\" data-id=\"3ab80711\" data-element_type=\"widget\" data-settings=\"{&quot;_animation&quot;:&quot;fadeIn&quot;,&quot;_animation_delay&quot;:&quot;200&quot;}\" data-widget_type=\"divider.default\">\n\t\t\t\t<div class=\"elementor-widget-container\">\n\t\t\t<style>\/*! elementor - v3.16.0 - 17-10-2023 *\/\n.elementor-widget-divider{--divider-border-style:none;--divider-border-width:1px;--divider-color:#0c0d0e;--divider-icon-size:20px;--divider-element-spacing:10px;--divider-pattern-height:24px;--divider-pattern-size:20px;--divider-pattern-url:none;--divider-pattern-repeat:repeat-x}.elementor-widget-divider .elementor-divider{display:flex}.elementor-widget-divider .elementor-divider__text{font-size:15px;line-height:1;max-width:95%}.elementor-widget-divider .elementor-divider__element{margin:0 var(--divider-element-spacing);flex-shrink:0}.elementor-widget-divider .elementor-icon{font-size:var(--divider-icon-size)}.elementor-widget-divider .elementor-divider-separator{display:flex;margin:0;direction:ltr}.elementor-widget-divider--view-line_icon .elementor-divider-separator,.elementor-widget-divider--view-line_text .elementor-divider-separator{align-items:center}.elementor-widget-divider--view-line_icon .elementor-divider-separator:after,.elementor-widget-divider--view-line_icon .elementor-divider-separator:before,.elementor-widget-divider--view-line_text .elementor-divider-separator:after,.elementor-widget-divider--view-line_text .elementor-divider-separator:before{display:block;content:\"\";border-bottom:0;flex-grow:1;border-top:var(--divider-border-width) var(--divider-border-style) var(--divider-color)}.elementor-widget-divider--element-align-left .elementor-divider .elementor-divider-separator>.elementor-divider__svg:first-of-type{flex-grow:0;flex-shrink:100}.elementor-widget-divider--element-align-left .elementor-divider-separator:before{content:none}.elementor-widget-divider--element-align-left .elementor-divider__element{margin-left:0}.elementor-widget-divider--element-align-right .elementor-divider .elementor-divider-separator>.elementor-divider__svg:last-of-type{flex-grow:0;flex-shrink:100}.elementor-widget-divider--element-align-right .elementor-divider-separator:after{content:none}.elementor-widget-divider--element-align-right .elementor-divider__element{margin-right:0}.elementor-widget-divider:not(.elementor-widget-divider--view-line_text):not(.elementor-widget-divider--view-line_icon) .elementor-divider-separator{border-top:var(--divider-border-width) var(--divider-border-style) var(--divider-color)}.elementor-widget-divider--separator-type-pattern{--divider-border-style:none}.elementor-widget-divider--separator-type-pattern.elementor-widget-divider--view-line .elementor-divider-separator,.elementor-widget-divider--separator-type-pattern:not(.elementor-widget-divider--view-line) .elementor-divider-separator:after,.elementor-widget-divider--separator-type-pattern:not(.elementor-widget-divider--view-line) .elementor-divider-separator:before,.elementor-widget-divider--separator-type-pattern:not([class*=elementor-widget-divider--view]) .elementor-divider-separator{width:100%;min-height:var(--divider-pattern-height);-webkit-mask-size:var(--divider-pattern-size) 100%;mask-size:var(--divider-pattern-size) 100%;-webkit-mask-repeat:var(--divider-pattern-repeat);mask-repeat:var(--divider-pattern-repeat);background-color:var(--divider-color);-webkit-mask-image:var(--divider-pattern-url);mask-image:var(--divider-pattern-url)}.elementor-widget-divider--no-spacing{--divider-pattern-size:auto}.elementor-widget-divider--bg-round{--divider-pattern-repeat:round}.rtl .elementor-widget-divider .elementor-divider__text{direction:rtl}.e-con-inner>.elementor-widget-divider,.e-con>.elementor-widget-divider{width:var(--container-widget-width,100%);--flex-grow:var(--container-widget-flex-grow)}<\/style>\t\t<div class=\"elementor-divider\">\n\t\t\t<span class=\"elementor-divider-separator\">\n\t\t\t\t\t\t<\/span>\n\t\t<\/div>\n\t\t\t\t<\/div>\n\t\t\t\t<\/div>\n\t\t\t\t<div class=\"elementor-element elementor-element-379e17fa elementor-position-left elementor-widget__width-inherit elementor-view-default elementor-mobile-position-top elementor-vertical-align-top elementor-widget elementor-widget-icon-box\" data-id=\"379e17fa\" data-element_type=\"widget\" data-widget_type=\"icon-box.default\">\n\t\t\t\t<div class=\"elementor-widget-container\">\n\t\t\t<link rel=\"stylesheet\" href=\"http:\/\/multi-toits.be\/wp-content\/plugins\/elementor\/assets\/css\/widget-icon-box.min.css\">\t\t<div class=\"elementor-icon-box-wrapper\">\n\t\t\t\t\t\t<div class=\"elementor-icon-box-icon\">\n\t\t\t\t<span  class=\"elementor-icon elementor-animation-\">\n\t\t\t\t<svg xmlns=\"http:\/\/www.w3.org\/2000\/svg\" id=\"f4c81fb4-425f-4ac6-9e17-c0fe23bc1ab5\" data-name=\"Layer 1\" width=\"28.8462\" height=\"45\" viewBox=\"0 0 28.8462 45\"><path d=\"M22.7115,32.9362a90.8161,90.8161,0,0,0,4.96-9.147c1.4982-3.2848,2.2519-5.8716,2.2519-7.6861a14.4231,14.4231,0,0,0-28.8462,0c0,1.8145.7537,4.4013,2.2519,7.6861a90.8161,90.8161,0,0,0,4.96,9.147c1.861,3.0614,3.722,5.853,4.96,7.6489.093.14.1861.27.27.4a17.4648,17.4648,0,0,0-4.1408.7724,6.3447,6.3447,0,0,0-1.8518.9118,1.2729,1.2729,0,0,0,0,2.2519,6.1185,6.1185,0,0,0,1.8518.9119A20.0544,20.0544,0,0,0,15.5,46.68a20.0544,20.0544,0,0,0,6.1228-.8468,6.1185,6.1185,0,0,0,1.8518-.9119,1.2729,1.2729,0,0,0,0-2.2519,6.3447,6.3447,0,0,0-1.8518-.9118,17.5478,17.5478,0,0,0-4.15-.7724c.093-.13.1861-.2605.2791-.4C18.99,38.7892,20.8505,35.9976,22.7115,32.9362Zm-1.3864,9.7054a5.2549,5.2549,0,0,1,1.5726.763c.27.2047.3256.3535.3256.3908s-.0558.1861-.3256.3908a5.3739,5.3739,0,0,1-1.5726.763,18.9786,18.9786,0,0,1-5.8251.8,18.9786,18.9786,0,0,1-5.8251-.8,5.3739,5.3739,0,0,1-1.5726-.763c-.27-.2047-.3256-.3536-.3256-.3908s.0558-.1861.3256-.3908a5.2549,5.2549,0,0,1,1.5726-.763,17.46,17.46,0,0,1,4.4665-.7631c.2792.4095.53.7631.7352,1.0515l.6234.8654.6234-.8654c.2048-.2884.4467-.642.7352-1.0515A17.46,17.46,0,0,1,21.3251,42.6416ZM16.9888,40.064c-.2047.3071-.4094.5862-.5955.8561-.2326.3443-.456.6513-.6514.9212-.0837.13-.1674.2419-.2419.3536-.0745-.1117-.1582-.2233-.2419-.3536-.1954-.27-.4188-.5769-.6514-.9212-.1861-.27-.3908-.549-.5955-.8561-1.2283-1.7959-3.08-4.5688-4.9318-7.6117a90.6281,90.6281,0,0,1-4.9038-9.0447c-1.4423-3.1637-2.1682-5.62-2.1682-7.3045a13.4926,13.4926,0,1,1,26.9852,0c0,1.6842-.7259,4.1408-2.1682,7.3045a89.7474,89.7474,0,0,1-4.9038,9.0447C20.0688,35.4952,18.2171,38.2681,16.9888,40.064Z\" transform=\"translate(-1.0769 -1.68)\"><\/path><path d=\"M15.5,8.6031a5.7693,5.7693,0,1,0,5.7692,5.7692A5.7741,5.7741,0,0,0,15.5,8.6031Zm0,10.6079a4.8387,4.8387,0,1,1,4.8387-4.8387A4.8409,4.8409,0,0,1,15.5,19.211Z\" transform=\"translate(-1.0769 -1.68)\"><\/path><\/svg>\t\t\t\t<\/span>\n\t\t\t<\/div>\n\t\t\t\t\t\t<div class=\"elementor-icon-box-content\">\n\t\t\t\t<h4 class=\"elementor-icon-box-title\">\n\t\t\t\t\t<span  >\n\t\t\t\t\t\tMulti-Toits srl\t\t\t\t\t<\/span>\n\t\t\t\t<\/h4>\n\t\t\t\t\t\t\t\t\t<p class=\"elementor-icon-box-description\">\n\t\t\t\t\t\t<u>Si\u00e8ge social : <\/u><br>Rue des Tourterelles,3 - Maredret\nB-5537 ANHEE<br><u>Site d'exploitation :<\/u> <br>Rue Saint-Donat, 31<br>B-5640 METTET - Parc d'Activit\u00e9s Economiques\t\t\t\t\t<\/p>\n\t\t\t\t\t\t\t<\/div>\n\t\t<\/div>\n\t\t\t\t<\/div>\n\t\t\t\t<\/div>\n\t\t\t\t<div class=\"elementor-element elementor-element-101d2903 elementor-position-left elementor-view-default elementor-mobile-position-top elementor-vertical-align-top elementor-widget elementor-widget-icon-box\" data-id=\"101d2903\" data-element_type=\"widget\" data-widget_type=\"icon-box.default\">\n\t\t\t\t<div class=\"elementor-widget-container\">\n\t\t\t\t\t<div class=\"elementor-icon-box-wrapper\">\n\t\t\t\t\t\t<div class=\"elementor-icon-box-icon\">\n\t\t\t\t<a href=\"mailto:multi-toits@skynet.be?subject=Demande%20info%20via%20site%20web\" class=\"elementor-icon elementor-animation-\" tabindex=\"-1\">\n\t\t\t\t<svg xmlns=\"http:\/\/www.w3.org\/2000\/svg\" id=\"f7651d76-ee00-4083-9c64-2796abaebea1\" data-name=\"Layer 1\" width=\"45\" height=\"34.6149\" viewBox=\"0 0 45 34.6149\"><path d=\"M1,.7692V35.3841H46V.7692Zm43.06.9575L23.5,16.3357,2.9391,1.7267Zm-42.1029,32.7V2.2038L23.5,17.51,45.0425,2.2042V34.4266Z\" transform=\"translate(-1 -0.7692)\"><\/path><rect x=\"4.6152\" y=\"24.3289\" width=\"10.9615\" height=\"0.9575\"><\/rect><rect x=\"4.6152\" y=\"28.3672\" width=\"5.7695\" height=\"0.9574\"><\/rect><\/svg>\t\t\t\t<\/a>\n\t\t\t<\/div>\n\t\t\t\t\t\t<div class=\"elementor-icon-box-content\">\n\t\t\t\t<h4 class=\"elementor-icon-box-title\">\n\t\t\t\t\t<a href=\"mailto:multi-toits@skynet.be?subject=Demande%20info%20via%20site%20web\" >\n\t\t\t\t\t\tNous joindre\t\t\t\t\t<\/a>\n\t\t\t\t<\/h4>\n\t\t\t\t\t\t\t\t\t<p class=\"elementor-icon-box-description\">\n\t\t\t\t\t\tGSM : +32 496 53 99 45<br>Email : multi-toits@skynet.be<br>\nVincent PIROT - G\u00e9rant\t\t\t\t\t<\/p>\n\t\t\t\t\t\t\t<\/div>\n\t\t<\/div>\n\t\t\t\t<\/div>\n\t\t\t\t<\/div>\n\t\t\t\t<div class=\"elementor-element elementor-element-2a82e1a elementor-position-left elementor-widget__width-inherit elementor-view-default elementor-mobile-position-top elementor-vertical-align-top elementor-widget elementor-widget-icon-box\" data-id=\"2a82e1a\" data-element_type=\"widget\" data-widget_type=\"icon-box.default\">\n\t\t\t\t<div class=\"elementor-widget-container\">\n\t\t\t\t\t<div class=\"elementor-icon-box-wrapper\">\n\t\t\t\t\t\t<div class=\"elementor-icon-box-icon\">\n\t\t\t\t<span  class=\"elementor-icon elementor-animation-\">\n\t\t\t\t<svg xmlns=\"http:\/\/www.w3.org\/2000\/svg\" id=\"bca0b969-da00-4909-80b0-f45b795ed16e\" data-name=\"Layer 1\" width=\"45\" height=\"45\" viewBox=\"0 0 45 45\"><rect x=\"21.4279\" y=\"3.2923\" width=\"1.0465\" height=\"3.2928\"><\/rect><path d=\"M21.5,44A22.5,22.5,0,1,1,44,21.5,22.5253,22.5253,0,0,1,21.5,44ZM21.5.0465A21.4535,21.4535,0,1,0,42.9535,21.5,21.4778,21.4778,0,0,0,21.5.0465Z\" transform=\"translate(1 1)\"><\/path><polygon points=\"29.351 30.075 21.428 24.981 21.428 10.427 22.474 10.427 22.474 24.409 29.918 29.194 29.351 30.075\"><\/polygon><rect x=\"21.4279\" y=\"38.4143\" width=\"1.0465\" height=\"3.2928\"><\/rect><rect x=\"3.8416\" y=\"20.8791\" width=\"3.2928\" height=\"1.0465\"><\/rect><rect x=\"38.4143\" y=\"20.8791\" width=\"3.2928\" height=\"1.0465\"><\/rect><\/svg>\t\t\t\t<\/span>\n\t\t\t<\/div>\n\t\t\t\t\t\t<div class=\"elementor-icon-box-content\">\n\t\t\t\t<h3 class=\"elementor-icon-box-title\">\n\t\t\t\t\t<span  >\n\t\t\t\t\t\tQuand\t\t\t\t\t<\/span>\n\t\t\t\t<\/h3>\n\t\t\t\t\t\t\t\t\t<p class=\"elementor-icon-box-description\">\n\t\t\t\t\t\tLun. - Ven. 8h00-18h00\nW-E. sur RDV\t\t\t\t\t<\/p>\n\t\t\t\t\t\t\t<\/div>\n\t\t<\/div>\n\t\t\t\t<\/div>\n\t\t\t\t<\/div>\n\t\t\t\t<div class=\"elementor-element elementor-element-838e7b3 elementor-position-left elementor-view-default elementor-mobile-position-top elementor-vertical-align-top elementor-widget elementor-widget-icon-box\" data-id=\"838e7b3\" data-element_type=\"widget\" data-widget_type=\"icon-box.default\">\n\t\t\t\t<div class=\"elementor-widget-container\">\n\t\t\t\t\t<div class=\"elementor-icon-box-wrapper\">\n\t\t\t\t\t\t<div class=\"elementor-icon-box-icon\">\n\t\t\t\t<span  class=\"elementor-icon elementor-animation-\">\n\t\t\t\t<svg xmlns=\"http:\/\/www.w3.org\/2000\/svg\" id=\"f6d8a742-31ed-4211-a60b-cd3945bc1336\" data-name=\"Layer 1\" width=\"45\" height=\"45\" viewBox=\"0 0 45 45\"><path d=\"M46.3086,39.48l-.0193-.46H43.3275V6.7632A5.6428,5.6428,0,0,0,41.89,2.4591a4.327,4.327,0,0,0-3.3091-.9682H5.6439v.0383a3.17,3.17,0,0,0-.4245-.0383,3.2173,3.2173,0,0,0-2.3637.92C1.3024,3.964,1.3121,7.0986,1.3217,9.1692V10.07H8.4224l.01,31.0681a5.62,5.62,0,0,0,1.0613,4.2657,3.234,3.234,0,0,0,2.5373,1.0641h30.39a3.0173,3.0173,0,0,0,2.2383-.9586C46.01,44.11,46.3954,41.3876,46.3086,39.48ZM2.2865,9.1117c-.01-1.9172-.01-4.7642,1.2542-6.03A2.2927,2.2927,0,0,1,5.2194,2.45c2.6917,0,3.1644,3.1441,3.203,6.6622ZM12.0306,45.51a2.29,2.29,0,0,1-1.8138-.7382,4.9039,4.9039,0,0,1-.83-3.5755V9.591c0-1.9555,0-5.4544-1.7075-7.1415h30.94a3.3649,3.3649,0,0,1,2.6146.7093,4.82,4.82,0,0,1,1.1287,3.6044V39.02h-26.55v.4793c0,.2492,0,.4888-.0193.7285h-2.711v.9586h2.6434C15.4073,44.0909,14.182,45.51,12.0306,45.51Zm31.9337-.6615a2.0734,2.0734,0,0,1-1.5437.6615H14.8863A6.3706,6.3706,0,0,0,16.69,41.1863c.0386-.3068.0579-.6231.0675-.9586a2.0615,2.0615,0,0,0,.01-.2493H45.3535C45.3535,41.4355,45.0544,43.7074,43.9643,44.8481Z\" transform=\"translate(-1.3202 -1.4682)\"><\/path><path d=\"M33.5113,18.66,29.49,17.8427a.966.966,0,0,1-.6463-.4662L26.8182,13.83a.9985.9985,0,0,0-1.677,0l-2.0261,3.5465a.9643.9643,0,0,1-.6454.4662l-4.0211.8177a.9568.9568,0,0,0-.5186,1.5863l2.769,3.01a.9551.9551,0,0,1,.2468.7541l-.46,4.053a.9451.9451,0,0,0,.3924.8827.9564.9564,0,0,0,.9653.0964l3.7384-1.6859a.9678.9678,0,0,1,.7961,0l3.7376,1.6859a.96.96,0,0,0,.9666-.0964.9459.9459,0,0,0,.391-.8827l-.46-4.053a.9514.9514,0,0,1,.2469-.7541l2.769-3.01a.957.957,0,0,0-.5182-1.5858Zm-2.9631,3.95a1.9114,1.9114,0,0,0-.4937,1.5081l.4607,4.0521-3.7365-1.686a1.9321,1.9321,0,0,0-1.597,0L21.4451,28.17l.46-4.0525a1.91,1.91,0,0,0-.4937-1.5081l-2.769-3.01,4.0207-.8177a1.9285,1.9285,0,0,0,1.2917-.9323L25.98,14.3032l2.0256,3.5461a1.9259,1.9259,0,0,0,1.2908.9323l4.0211.8182Z\" transform=\"translate(-1.3202 -1.4682)\"><\/path><rect x=\"11.7657\" y=\"4.3284\" width=\"26.5936\" height=\"0.9586\"><\/rect><\/svg>\t\t\t\t<\/span>\n\t\t\t<\/div>\n\t\t\t\t\t\t<div class=\"elementor-icon-box-content\">\n\t\t\t\t<h3 class=\"elementor-icon-box-title\">\n\t\t\t\t\t<span  >\n\t\t\t\t\t\tMentions L\u00e9gales\t\t\t\t\t<\/span>\n\t\t\t\t<\/h3>\n\t\t\t\t\t\t\t\t\t<p class=\"elementor-icon-box-description\">\n\t\t\t\t\t\tTVA BE 0430.035.642 (RPM Dinant) \u2013 N\u00b0 Enreg. 12.25.11 \u2013 Anc. RC Dinant 34.365\nCouverture Assurances \u2013 Responsabilit\u00e9 Civile \u2013 Accidents Travail \u2013 Tous Risques Chantiers \u2013 RC10 \u2013 F\u00e9d\u00e9rale Assurance.\t\t\t\t\t<\/p>\n\t\t\t\t\t\t\t<\/div>\n\t\t<\/div>\n\t\t\t\t<\/div>\n\t\t\t\t<\/div>\n\t\t\t\t<div class=\"elementor-element elementor-element-3c8136b elementor-position-left elementor-view-default elementor-mobile-position-top elementor-vertical-align-top elementor-widget elementor-widget-icon-box\" data-id=\"3c8136b\" data-element_type=\"widget\" data-widget_type=\"icon-box.default\">\n\t\t\t\t<div class=\"elementor-widget-container\">\n\t\t\t\t\t<div class=\"elementor-icon-box-wrapper\">\n\t\t\t\t\t\t<div class=\"elementor-icon-box-icon\">\n\t\t\t\t<a href=\"https:\/\/multi-toits.be\/?page_id=3\" class=\"elementor-icon elementor-animation-\" tabindex=\"-1\">\n\t\t\t\t<svg xmlns=\"http:\/\/www.w3.org\/2000\/svg\" id=\"f6d8a742-31ed-4211-a60b-cd3945bc1336\" data-name=\"Layer 1\" width=\"45\" height=\"45\" viewBox=\"0 0 45 45\"><path d=\"M46.3086,39.48l-.0193-.46H43.3275V6.7632A5.6428,5.6428,0,0,0,41.89,2.4591a4.327,4.327,0,0,0-3.3091-.9682H5.6439v.0383a3.17,3.17,0,0,0-.4245-.0383,3.2173,3.2173,0,0,0-2.3637.92C1.3024,3.964,1.3121,7.0986,1.3217,9.1692V10.07H8.4224l.01,31.0681a5.62,5.62,0,0,0,1.0613,4.2657,3.234,3.234,0,0,0,2.5373,1.0641h30.39a3.0173,3.0173,0,0,0,2.2383-.9586C46.01,44.11,46.3954,41.3876,46.3086,39.48ZM2.2865,9.1117c-.01-1.9172-.01-4.7642,1.2542-6.03A2.2927,2.2927,0,0,1,5.2194,2.45c2.6917,0,3.1644,3.1441,3.203,6.6622ZM12.0306,45.51a2.29,2.29,0,0,1-1.8138-.7382,4.9039,4.9039,0,0,1-.83-3.5755V9.591c0-1.9555,0-5.4544-1.7075-7.1415h30.94a3.3649,3.3649,0,0,1,2.6146.7093,4.82,4.82,0,0,1,1.1287,3.6044V39.02h-26.55v.4793c0,.2492,0,.4888-.0193.7285h-2.711v.9586h2.6434C15.4073,44.0909,14.182,45.51,12.0306,45.51Zm31.9337-.6615a2.0734,2.0734,0,0,1-1.5437.6615H14.8863A6.3706,6.3706,0,0,0,16.69,41.1863c.0386-.3068.0579-.6231.0675-.9586a2.0615,2.0615,0,0,0,.01-.2493H45.3535C45.3535,41.4355,45.0544,43.7074,43.9643,44.8481Z\" transform=\"translate(-1.3202 -1.4682)\"><\/path><path d=\"M33.5113,18.66,29.49,17.8427a.966.966,0,0,1-.6463-.4662L26.8182,13.83a.9985.9985,0,0,0-1.677,0l-2.0261,3.5465a.9643.9643,0,0,1-.6454.4662l-4.0211.8177a.9568.9568,0,0,0-.5186,1.5863l2.769,3.01a.9551.9551,0,0,1,.2468.7541l-.46,4.053a.9451.9451,0,0,0,.3924.8827.9564.9564,0,0,0,.9653.0964l3.7384-1.6859a.9678.9678,0,0,1,.7961,0l3.7376,1.6859a.96.96,0,0,0,.9666-.0964.9459.9459,0,0,0,.391-.8827l-.46-4.053a.9514.9514,0,0,1,.2469-.7541l2.769-3.01a.957.957,0,0,0-.5182-1.5858Zm-2.9631,3.95a1.9114,1.9114,0,0,0-.4937,1.5081l.4607,4.0521-3.7365-1.686a1.9321,1.9321,0,0,0-1.597,0L21.4451,28.17l.46-4.0525a1.91,1.91,0,0,0-.4937-1.5081l-2.769-3.01,4.0207-.8177a1.9285,1.9285,0,0,0,1.2917-.9323L25.98,14.3032l2.0256,3.5461a1.9259,1.9259,0,0,0,1.2908.9323l4.0211.8182Z\" transform=\"translate(-1.3202 -1.4682)\"><\/path><rect x=\"11.7657\" y=\"4.3284\" width=\"26.5936\" height=\"0.9586\"><\/rect><\/svg>\t\t\t\t<\/a>\n\t\t\t<\/div>\n\t\t\t\t\t\t<div class=\"elementor-icon-box-content\">\n\t\t\t\t<h3 class=\"elementor-icon-box-title\">\n\t\t\t\t\t<a href=\"https:\/\/multi-toits.be\/?page_id=3\" >\n\t\t\t\t\t\tPolitique de confidentialit\u00e9\t\t\t\t\t<\/a>\n\t\t\t\t<\/h3>\n\t\t\t\t\t\t\t\t\t<p class=\"elementor-icon-box-description\">\n\t\t\t\t\t\tRGPD - Cookies - Conditions G\u00e9n\u00e9rales et autres documents d'entreprise\t\t\t\t\t<\/p>\n\t\t\t\t\t\t\t<\/div>\n\t\t<\/div>\n\t\t\t\t<\/div>\n\t\t\t\t<\/div>\n\t\t\t\t\t<\/div>\n\t\t<\/div>\n\t\t\t\t\t\t\t<\/div>\n\t\t<\/section>\n\t\t\t\t\t<\/div>\n\t\t<\/div>\n\t\t\t\t\t\t\t<\/div>\n\t\t<\/section>\n\t\t\t\t\t\t\t<\/div>\n\t\t","protected":false},"excerpt":{"rendered":"<p>CONTACT Multi-Toits srl Si\u00e8ge social : Rue des Tourterelles,3 &#8211; Maredret B-5537 ANHEESite d&rsquo;exploitation : Rue Saint-Donat, 31B-5640 METTET &#8211; Parc d&rsquo;Activit\u00e9s Economiques Nous joindre GSM : +32 496 53 99 45Email : multi-toits@skynet.be Vincent PIROT &#8211; G\u00e9rant Quand Lun. &#8211; Ven. 8h00-18h00 W-E. sur RDV Mentions L\u00e9gales TVA BE 0430.035.642 (RPM Dinant) \u2013 N\u00b0 [&hellip;]<\/p>\n","protected":false},"author":1,"featured_media":0,"parent":0,"menu_order":0,"comment_status":"closed","ping_status":"closed","template":"elementor_theme","meta":{"footnotes":""},"class_list":["post-119","page","type-page","status-publish","hentry"],"_links":{"self":[{"href":"https:\/\/multi-toits.be\/index.php?rest_route=\/wp\/v2\/pages\/119","targetHints":{"allow":["GET"]}}],"collection":[{"href":"https:\/\/multi-toits.be\/index.php?rest_route=\/wp\/v2\/pages"}],"about":[{"href":"https:\/\/multi-toits.be\/index.php?rest_route=\/wp\/v2\/types\/page"}],"author":[{"embeddable":true,"href":"https:\/\/multi-toits.be\/index.php?rest_route=\/wp\/v2\/users\/1"}],"replies":[{"embeddable":true,"href":"https:\/\/multi-toits.be\/index.php?rest_route=%2Fwp%2Fv2%2Fcomments&post=119"}],"version-history":[{"count":44,"href":"https:\/\/multi-toits.be\/index.php?rest_route=\/wp\/v2\/pages\/119\/revisions"}],"predecessor-version":[{"id":1184,"href":"https:\/\/multi-toits.be\/index.php?rest_route=\/wp\/v2\/pages\/119\/revisions\/1184"}],"wp:attachment":[{"href":"https:\/\/multi-toits.be\/index.php?rest_route=%2Fwp%2Fv2%2Fmedia&parent=119"}],"curies":[{"name":"wp","href":"https:\/\/api.w.org\/{rel}","templated":true}]}}